its digit of h(13)?
1
Let p = -2 + 2. Suppose 3*i + i + 24 = p. Let q = i + 8. What is the units digit of q?
2
Let p(k) = -8*k**2 - k + 9. Let d(g) = -15*g**2 - g + 17. Let u(i) = -4*d(i) + 7*p(i). What is the units digit of u(4)?
7
Let x be -4 - -8 - -11 - 3. Suppose 4*o = -d + x, -o - 3*o + 12 = -4*d. What is the units digit of o?
3
Let w(u) = -u**3 + 28*u**2 - 19*u + 3. What is the units digit of w(27)?
9
Let w(t) = -2*t**2 - 12*t + 1. Suppose 5*b + 23 = -2. What is the units digit of w(b)?
1
Let o(z) = -3*z. Let j be o(-1). Let i = j - -13. Let x = i - -3. What is the units digit of x?
9
Suppose 0 = -9*b + 8*b - 9. Let k(i) = -4*i + 28. What is the tens digit of k(b)?
6
Let r(k) be the third derivative of 0*k + 4*k**2 - 1/120*k**6 + 0 + 1/6*k**5 + 7/12*k**4 - 8/3*k**3. What is the units digit of r(11)?
7
Let y be (-4)/(-28) - 160/(-7). Suppose -3*c - y - 1 = 0. What is the tens digit of (-182)/(-8) - 2/c?
2
Suppose 0 = -z - 143 + 843. What is the tens digit of z?
0
Let c(r) = -6*r**3 + 7*r**2 + 7*r + 11. What is the units digit of c(-4)?
9
Let x be (116/(-8))/((-3)/(-72)). What is the units digit of (x/10)/(3/(-10))?
6
Let w = 1197 - 786. What is the tens digit of w?
1
Let y be (-4)/(-3 - -11)*0. Suppose y = 4*r + 30 + 22. Let w = -9 - r. What is the units digit of w?
4
Suppose h = 3*g - 7822, -4*h + 12741 + 273 = 5*g. What is the thousands digit of g?
2
Let p(d) = -d**2 - 21*d + 1623. What is the tens digit of p(0)?
2
Let n = 4470 - 2920. What is the tens digit of n?
5
Let q be (-10)/(-2)*12/15. Let a be (3 - q)*-1 + 0. What is the units digit of a*((-49)/(-1) - -2)?
1
Suppose 2*b + 4 = 4*b. Suppose 5*q + 4*f = 2*f - 15, b*f = -q - 3. What is the tens digit of (-64)/q - (-4)/6?
2
Let z = -143 - -265. What is the units digit of z?
2
Let w = 26 + -44. Let t = w - -7. Let o(x) = x**3 + 12*x**2 + 6*x + 13. What is the units digit of o(t)?
8
Let c = -828 - -1097. What is the hundreds digit of c?
2
Let c = 9003 - 5031. What is the thousands digit of c?
3
Suppose -37*p = -16*p - 2121. What is the units digit of p?
1
Suppose 5*o + 570 = 5*i - 195, -i = 5*o - 165. What is the units digit of i?
5
Let q(x) be the second derivative of -1/3*x**3 + 0 - 2*x - 2*x**2. What is the tens digit of q(-13)?
2
Let p = 88 - -56. What is the tens digit of p?
4
Let z be (-3)/(2*9/(-48)). Let x(l) = -2*l + 7 - z + 6*l. What is the units digit of x(1)?
3
Let y(v) = -8*v - 7. Let r be (-18)/12*(-4)/(-3). Let m be 2/(4/(-6)) + r. What is the units digit of y(m)?
3
Let c = 701 - -416. What is the thousands digit of c?
1
Suppose 4*m = 3*b - 8*b + 14, 0 = -4*m + 5*b - 6. Let o(s) = 22*s + 3. What is the tens digit of o(m)?
2
Suppose 0 = -4*a - a + 595. Suppose 2*k - 3*w = 372, 3*k - 4*w = a + 441. What is the units digit of k?
2
What is the units digit of (-1170)/(-2) + -2 + 6?
9
Let r(y) = y**3 + 8*y**2 - 8*y + 10. Suppose 2*s = g - 19, 24 = s - 4*s - 3*g. What is the units digit of r(s)?
1
Let i(d) = -32*d + 337. What is the tens digit of i(-22)?
4
Suppose 5*n + 37 = 3*o, -5*o = -2*n - 0 - 30. Suppose o*v + 3 = 7. What is the units digit of v?
1
Suppose 6*k = -5*k - 1298. Let m = -45 - k. What is the tens digit of m?
7
Let p(g) = g**3 - 4*g**2 + 2*g - 6. Let f be p(4). Let z = 0 + f. Suppose 3*j - 27 = r, z*r = -5*j + 40 + 5. What is the units digit of j?
9
Let j(k) = 9*k**3 + k**2 + k - 1. Suppose g - a - 2 = -0*a, -g - 2*a + 2 = 0. Let h be j(g). Let t = -51 + h. What is the tens digit of t?
2
Suppose 4*x + 3*y - 188 = 28, -2*x + 98 = 4*y. What is the units digit of x?
7
Let i = -5504 - -8055. What is the units digit of i?
1
Suppose -6*k + 1833 = -k + 3*q, -q = -3*k + 1111. What is the tens digit of k?
6
Suppose 0 = -4*i + 5*i + 16. Let t be (-6)/(-9)*(i + 4). Let q(c) = -3*c - 17. What is the units digit of q(t)?
7
Suppose -4*r - 4*q - 676 = -6*r, -3*q = -2*r + 677. What is the tens digit of r?
4
Suppose 5*v - 2*d - 3*d = 30, 5*d + 26 = 3*v. Let t be 1*-13 + (-2)/v. Let y = 16 - t. What is the units digit of y?
0
Let k be 9*-3*1/(-9). Suppose k*o = 5*h + o - 139, -h - 2*o = -35. What is the tens digit of h?
2
Let z(w) = -w**3 - 8*w**2 - 3*w. Suppose -12 = -3*q - 0*q. Suppose 12 = -4*i - 4*c, -56 + 14 = q*i - 2*c. What is the units digit of z(i)?
4
Let q = -4 - -12. Suppose -3*i - 4*j - 1 = 0, -3*i + q + 0 = -5*j. Let z = 9 - i. What is the units digit of z?
8
Suppose -4*c - 26 = -h, h = c + c + 16. Suppose 2*x - 48 = 5*b, h*x = -b + x + 12. Let q = b + 9. What is the units digit of q?
1
Let u = 8 + -8. Let q be (u - -2) + 1 + -3. Suppose -4*r + 93 + 15 = q. What is the units digit of r?
7
Suppose 5*o = 5*s - 35, -2*o + 12 = -5*o. What is the tens digit of ((-4)/s)/((-52)/7566)?
9
What is the tens digit of 2/(-12) + -8 + 81319/42?
2
Suppose -4*d + u = -5*d + 2422, 0 = 3*d - 4*u - 7238. What is the hundreds digit of d?
4
Let t be 1*(-2)/3*-30. Let v = -9 - t. Let a = 72 + v. What is the tens digit of a?
4
Let k be ((-4)/3)/(4/(-6)). Suppose -k*p = -30 - 54. Let o = p - 25. What is the units digit of o?
7
Suppose -2*k - 42 = k. Let l be 68/4 - -1 - (1 + -1). Let s = k + l. What is the units digit of s?
4
Suppose -37*b + 4352 = -4084. What is the tens digit of b?
2
Let d = 856 + -721. What is the units digit of d?
5
Suppose -360 = -14*f + 9*f. What is the tens digit of f?
7
Let q(k) = -k + 1. Let i be q(-1). Suppose -i*x + 2*r + 10 = -0*x, -5*x + 4*r + 21 = 0. Let s(j) = 25*j + 1. What is the tens digit of s(x)?
2
Suppose -4*d + 2*h + 44 = -2*h, 5*d - h = 67. Suppose -10*z = -d*z. Suppose z*n = 3*n - 18. What is the units digit of n?
6
Let h be (4/3)/4*6. Suppose h*a = -5 + 1. What is the units digit of (-7)/a*(-48)/(-6)?
8
Let x = -17 - -45. Suppose x*c = 33*c - 620. What is the tens digit of c?
2
Let v be 225/21 - (5/7 + -1). What is the units digit of (-1048)/2*(v/4 + -3)?
1
Suppose -3*b + 2*y + 8158 = 0, 2*b + 7*y = 11*y + 5452. What is the thousands digit of b?
2
Suppose -8*c = -3*c - 5990. What is the units digit of c?
8
Suppose 3*q - f = -q + 2335, 15 = -5*f. What is the units digit of q?
3
What is the tens digit of (((-207)/18)/(-23))/((-1)/(-892))?
4
Suppose -7*p + 8*p = 68. Suppose -p = 2*k - 288. What is the tens digit of k?
1
Let f = 77 + -46. Let c = 44 + f. What is the units digit of c?
5
Let s(r) = -1 + 0 - r + 3 - 4. Let m be s(-4). Suppose 3*w - 6*l = -m*l + 35, 5*w + 4*l - 101 = 0. What is the tens digit of w?
1
What is the units digit of 18/(-10) - -1 - 137214/(-105)?
6
Let w be (2 - -2)/(4/26). Suppose -w = 4*y - 10. What is the units digit of 10/y*(-2 + 0)?
5
Let f(a) = 14*a**2 + 5*a - 6. Let d be f(-5). Suppose 4*p - 3*j - 426 = 0, -3*j = 3*p - 5*j - d. What is the units digit of p?
5
What is the tens digit of 20/180 + ((-197)/(-9) - 3)?
1
Let j = -59 - -62. Suppose -j*t + 440 = t. What is the hundreds digit of t?
1
Let j = 329 - -301. What is the tens digit of j?
3
Suppose 1441 = m + 3*f + 2*f, f = -4*m + 5821. What is the tens digit of m?
5
Let n = 615 - 506. What is the units digit of n?
9
Let u(i) = -2*i + 6. Let y(o) = -5*o + 19. Let l(w) = 7*u(w) - 2*y(w). Let c be (-8)/2 + (-1)/1. What is the tens digit of l(c)?
2
What is the tens digit of (40360/25)/(38/95)?
3
Let g(l) = l**2 - l - 2. Let t be g(4). Let a = 126 - t. What is the hundreds digit of a?
1
Suppose -z - 3*a = -161 - 341, 0 = a. What is the hundreds digit of z?
5
Let y(r) = r**2 - 15*r - 24. What is the hundreds digit of y(-14)?
3
Let x be -2 - -2*((-14)/4 + 3). Let y(s) = -5*s + 4. What is the tens digit of y(x)?
1
Let i(u) = -u**2 + 4*u + 3. Let p be i(4). What is the units digit of 168/6 + 3/p?
9
Let f = 181 + -71. What is the units digit of f?
0
Let h = 1836 + -1272. What is the units digit of h?
4
Let f = 16 - 25. Let z(u) = u**2 + 5*u. Let m be z(f). Suppose -2*n - m = p - 2*p, -5*p + 140 = -2*n. What is the tens digit of p?
2
Let x(m) = -455*m - 58. What is the thousands digit of x(-4)?
1
Let b(j) = 25*j - 1421. What is the hundreds digit of b(67)?
2
Let z(s) = -3 - 4*s + 7*s - 2 + 2*s**2 + 2. Let w(g) = -g**3 + 5*g**2 + 7*g - 4. Let m be w(6). What is the units digit of z(m)?
1
Let j = 15 + -133. Let n = j - -250. What is the units digit of n?
2
Suppose -4*l = -4*s - 4, s = 2*l - 3*s + 2. Suppose 6 = l*t - 6. Suppose -22 = -d - 0*d - t*r, 2*r = -2. What is the tens dig